ivisor of 857563 and 133?
7
What is the greatest common factor of 478861649 and 14?
7
What is the greatest common divisor of 13618 and 414730?
1238
What is the greatest common factor of 3591062 and 26?
2
What is the greatest common divisor of 4945957 and 51088?
3193
What is the highest common factor of 382613 and 8932?
77
Calculate the highest common divisor of 588 and 4440184.
196
Calculate the greatest common divisor of 1886 and 81328.
46
Calculate the highest common factor of 19918344 and 24519.
2229
What is the highest common factor of 81 and 10976463?
9
What is the highest common factor of 1043243 and 12908?
461
What is the highest common factor of 1860 and 12312660?
60
What is the highest common factor of 4 and 4317254?
2
Calculate the greatest common divisor of 2062440 and 4896.
1224
What is the highest common factor of 112640 and 98314240?
10240
Calculate the highest common divisor of 1336851 and 7236.
1809
Calculate the highest common divisor of 265737260 and 40.
20
What is the greatest common divisor of 387 and 32055769?
43
What is the greatest common factor of 330412 and 2368440?
2924
Calculate the greatest common divisor of 14742 and 10617318.
162
What is the highest common factor of 72 and 87446?
2
What is the highest common divisor of 6483383 and 1502?
751
What is the highest common factor of 92815 and 686850?
95
Calculate the highest common factor of 1020 and 4160172.
204
Calculate the highest common factor of 118358 and 45694.
62
Calculate the highest common divisor of 4704955 and 389.
389
What is the highest common divisor of 411048 and 10648?
88
Calculate the greatest common divisor of 41456 and 3068.
4
Calculate the greatest common factor of 851591928 and 3036.
3036
What is the highest common divisor of 11 and 3841697387?
11
What is the greatest common factor of 4373591 and 57?
19
Calculate the highest common divisor of 338062 and 271694.
2074
Calculate the greatest common factor of 2344 and 100761821.
293
What is the highest common factor of 53504 and 957220?
836
Calculate the highest common divisor of 16525 and 162814215.
3305
What is the greatest common divisor of 461300 and 775?
25
Calculate the greatest common factor of 195 and 1244984.
13
Calculate the highest common factor of 5545114 and 9334.
718
What is the greatest common factor of 486 and 19628676?
54
Calculate the highest common factor of 835 and 66201305.
835
What is the highest common divisor of 205340 and 3670?
10
Calculate the highest common divisor of 33523749 and 21.
21
What is the greatest common divisor of 22 and 506244838?
22
What is the highest common factor of 885 and 27632355?
885
What is the greatest common factor of 1069688 and 200?
8
What is the highest common divisor of 15613504 and 138?
46
What is the highest common divisor of 516353120 and 1740?
580
Calculate the greatest common factor of 11913042 and 35076.
474
What is the greatest common factor of 124878 and 271674?
78
What is the highest common factor of 933120 and 60696?
216
What is the highest common divisor of 2117 and 1153939?
29
Calculate the greatest common factor of 1668386 and 262.
2
What is the greatest common divisor of 52667252 and 4580?
916
What is the highest common divisor of 6 and 9119158?
2
What is the greatest common factor of 30 and 624577080?
30
What is the highest common factor of 3411 and 36836905?
379
Calculate the greatest common divisor of 1099367 and 31621.
307
What is the highest common factor of 60910 and 39970?
10
Calculate the greatest common divisor of 1 and 7515747.
1
Calculate the greatest common factor of 79248884 and 286.
286
What is the highest common divisor of 80622 and 15174?
54
What is the highest common divisor of 2409 and 683499?
219
What is the highest common divisor of 404184 and 78396?
12
What is the highest common divisor of 72628336 and 154?
22
Calculate the greatest common factor of 2358 and 2352760.
262
What is the highest common factor of 2342131 and 41441?
1429
Calculate the greatest common divisor of 295714 and 27064.
398
What is the greatest common factor of 2612 and 3073720628?
2612
What is the highest common factor of 462519710 and 12044?
6022
What is the highest common divisor of 3679 and 2841549230?
3679
Calculate the highest common factor of 3240 and 2818476.
324
What is the highest common divisor of 39040 and 1802880?
640
Calculate the highest common factor of 293116784 and 76176.
8464
Calculate the highest common divisor of 5139018 and 1770.
354
Calculate the highest common factor of 650 and 168251850.
650
Calculate the greatest common divisor of 369954001 and 3677.
3677
What is the greatest common factor of 36722 and 454755?
427
What is the greatest common factor of 26201958 and 402?
402
Calculate the highest common divisor of 721 and 204661.
103
What is the highest common factor of 557598 and 933?
3
Calculate the highest common factor of 1905472 and 23712.
608
Calculate the highest common divisor of 1406510900 and 13400.
6700
What is the greatest common factor of 1395 and 4936440?
465
Calculate the greatest common divisor of 51830382 and 204.
102
Calculate the highest common factor of 14833259 and 195454.
4249
What is the highest common divisor of 6125646 and 5384?
1346
What is the highest common factor of 42622 and 346?
2
Calculate the highest common factor of 3480 and 25242900.
60
What is the greatest common factor of 351310 and 14451784?
3698
Calculate the highest common factor of 76196 and 83321212.
1772
What is the highest common divisor of 154 and 16066094?
22
Calculate the highest common factor of 2248938 and 1350.
54
What is the highest common factor of 163779 and 2299287?
2127
What is the highest common divisor of 16 and 106110160?
16
Calculate the greatest common divisor of 2916 and 323076.
12
What is the highest common factor of 10465758 and 27?
9
What is the highest common divisor of 21307 and 852163?
13
Calculate the highest common factor of 2109950 and 220.
10
Calculate the greatest common factor of 2194056466 and 7.
7
What is the greatest common divisor of 636070 and 1370?
10
What is the greatest common factor of 55793615 and 215?
5
What is the greatest common divisor of 407592 and 137122?
1258
What is the highest common factor of 4097 and 3059983?
17
What is the highest common factor of 704 and 46341856?
352
Calculate the greatest common factor of 40115 and 30388.
71
What is the highest common factor of 298631395 and 59350?
5935
Calculate the greatest common factor of 513 and 8888751.
513
Calculate the highest common factor of 4308861 and 6.
3
Calculate the greatest common divisor of 383341 and 542868.
2381
Calculate the highest common divisor of 42 and 3542553.
21
What is the highest common factor of 543220035 and 60?
15
Calculate the greatest common factor of 829246 and 374.
22
Calculate the highest common factor of 2370820 and 1330.
190
Calculate the highest common divisor of 168563661 and 63.
21
Calculate the highest common factor of 24872250 and 150.
150
Calculate the highest common divisor of 2013951 and 1383.
3
Calculate the highest common divisor of 36297335 and 230.
115
What is the greatest common divisor of 22118553 and 18?
9
What is the highest common factor of 51748592 and 840?
56
What is the greatest common factor of 1359 and 126220447?
151
Calculate the greatest common divisor of 10441 and 45951.
53
What is the greatest common divisor of 2 and 17391086?
2
What is the greatest common divisor of 966343 and 49784?
889
What is the greatest common factor of 30 and 107319140?
10
Calculate the greatest common divisor of 1060090 and 42964.
934
Calculate the highest common factor of 217488 and 646944.
1104
What is the greatest common divisor of 70956 and 13689252?
2628
What is the greatest common factor of 7 and 3984316?
7
What is the greatest common divisor of 8696010 and 541875?
4335
What is the highest common divisor of 496 and 63147344?
16
What is the highest common divisor of 3670 and 283352626?
734
What is the greatest common factor of 6206 and 23432?
58
What is the highest common divisor of 615416219 and 1397?
1397
Calculate the greatest common divisor of 616 and 20998131.
77
What is the highest common factor of 5693909 and 59267?
611
Calculate the highest common factor of 49020 and 53770.
190
What i